actors of 77301?
3, 7, 409
List the prime factors of 1730.
2, 5, 173
List the prime factors of 34761.
3, 11587
List the prime factors of 2563.
11, 233
List the prime factors of 2926.
2, 7, 11, 19
List the prime factors of 38317.
38317
List the prime factors of 5636.
2, 1409
What are the prime factors of 4390?
2, 5, 439
What are the prime factors of 1286?
2, 643
What are the prime factors of 13723?
13723
What are the prime factors of 1917?
3, 71
What are the prime factors of 381?
3, 127
What are the prime factors of 37996?
2, 7, 23, 59
List the prime factors of 294.
2, 3, 7
List the prime factors of 4396.
2, 7, 157
List the prime factors of 193.
193
What are the prime factors of 2998?
2, 1499
List the prime factors of 977.
977
List the prime factors of 46279.
46279
What are the prime factors of 4768?
2, 149
List the prime factors of 142331.
7, 20333
What are the prime factors of 243?
3
List the prime factors of 6790.
2, 5, 7, 97
What are the prime factors of 4423?
4423
What are the prime factors of 806?
2, 13, 31
List the prime factors of 1577.
19, 83
What are the prime factors of 3144?
2, 3, 131
What are the prime factors of 7632?
2, 3, 53
List the prime factors of 36818.
2, 41, 449
List the prime factors of 1523.
1523
What are the prime factors of 1603?
7, 229
List the prime factors of 38693.
38693
List the prime factors of 361.
19
List the prime factors of 17569.
17569
List the prime factors of 90504.
2, 3, 419
What are the prime factors of 40430?
2, 5, 13, 311
List the prime factors of 13756.
2, 19, 181
What are the prime factors of 3495?
3, 5, 233
What are the prime factors of 20690?
2, 5, 2069
List the prime factors of 12810.
2, 3, 5, 7, 61
What are the prime factors of 7669?
7669
What are the prime factors of 631?
631
List the prime factors of 4694.
2, 2347
What are the prime factors of 1712?
2, 107
What are the prime factors of 744?
2, 3, 31
List the prime factors of 319.
11, 29
What are the prime factors of 189702?
2, 3, 1171
What are the prime factors of 1070?
2, 5, 107
What are the prime factors of 23686?
2, 13, 911
What are the prime factors of 2572?
2, 643
List the prime factors of 160.
2, 5
List the prime factors of 2070.
2, 3, 5, 23
What are the prime factors of 7335?
3, 5, 163
What are the prime factors of 5695?
5, 17, 67
What are the prime factors of 6423?
3, 2141
What are the prime factors of 2192?
2, 137
List the prime factors of 31292.
2, 7823
List the prime factors of 480.
2, 3, 5
What are the prime factors of 1945?
5, 389
List the prime factors of 24028.
2, 6007
List the prime factors of 4384.
2, 137
List the prime factors of 2072.
2, 7, 37
List the prime factors of 29843.
11, 2713
What are the prime factors of 1582?
2, 7, 113
What are the prime factors of 20747?
20747
List the prime factors of 604.
2, 151
List the prime factors of 4468.
2, 1117
List the prime factors of 1125.
3, 5
What are the prime factors of 448?
2, 7
List the prime factors of 109.
109
What are the prime factors of 48409?
48409
What are the prime factors of 284?
2, 71
List the prime factors of 3336.
2, 3, 139
List the prime factors of 4801.
4801
What are the prime factors of 5142?
2, 3, 857
List the prime factors of 889.
7, 127
What are the prime factors of 2410?
2, 5, 241
List the prime factors of 3317.
31, 107
List the prime factors of 2008.
2, 251
List the prime factors of 17618.
2, 23, 383
What are the prime factors of 1728?
2, 3
List the prime factors of 9185.
5, 11, 167
List the prime factors of 1431.
3, 53
List the prime factors of 4590.
2, 3, 5, 17
What are the prime factors of 1994?
2, 997
What are the prime factors of 524?
2, 131
List the prime factors of 277.
277
What are the prime factors of 8036?
2, 7, 41
What are the prime factors of 18420?
2, 3, 5, 307
List the prime factors of 603.
3, 67
What are the prime factors of 1892?
2, 11, 43
List the prime factors of 705.
3, 5, 47
List the prime factors of 4500.
2, 3, 5
What are the prime factors of 1038?
2, 3, 173
What are the prime factors of 951?
3, 317
List the prime factors of 18670.
2, 5, 1867
What are the prime factors of 58112?
2, 227
What are the prime factors of 16050?
2, 3, 5, 107
What are the prime factors of 36345?
3, 5, 2423
List the prime factors of 386.
2, 193
What are the prime factors of 27962?
2, 11, 31, 41
What are the prime factors of 1333?
31, 43
List the prime factors of 9130.
2, 5, 11, 83
List the prime factors of 10733.
10733
What are the prime factors of 107?
107
List the prime factors of 1440.
2, 3, 5
List the prime factors of 253.
11, 23
What are the prime factors of 70242?
2, 3, 23, 509
List the prime factors of 10210.
2, 5, 1021
List the prime factors of 17648.
2, 1103
List the prime factors of 15374.
2, 7687
What are the prime factors of 1492?
2, 373
List the prime factors of 2451.
3, 19, 43
List the prime factors of 20748.
2, 3, 7, 13, 19
What are the prime factors of 726?
2, 3, 11
What are the prime factors of 49142?
2, 24571
What are the prime factors of 1254?
2, 3, 11, 19
What are the prime factors of 2522?
2, 13, 97
List the prime factors of 28977.
3, 13, 743
What are the prime factors of 4739?
7, 677
What are the prime factors of 140405?
5, 28081
List the prime factors of 8509.
67, 127
What are the prime factors of 1178?
2, 19, 31
What are the prime factors of 3174?
2, 3, 23
What are the prime factors of 14286?
2, 3, 2381
List the prime factors of 60836.
2, 67, 227
List the prime factors of 1727.
11, 157
What are the prime factors of 441?
3, 7
What are the prime factors of 1218?
2, 3, 7, 29
What are the prime factors of 33628?
2, 7, 1201
What are the prime factors of 57322?
2, 28661
What are the prime factors of 2127?
3, 709
List the prime factors of 14549.
14549
What are the prime factors of 1252?
2, 313
What are the prime factors of 4058?
2, 2029
What are the prime factors of 1414?
2, 7, 101
What are the prime factors of 110326?
2, 55163
What are the prime factors of 11180?
2, 5, 13, 43
List the prime factors of 402.
2, 3, 67
What are the prime factors of 40172?
2, 11, 83
List the prime factors of 41122.
2, 29, 709
List the prime factors of 3571.
3571
What are the prime factors of 2750?
2, 5, 11
What are the prime factors of 65939?
233, 283
What are the prime factors of 1680?
2, 3, 5, 7
What are the prime factors of 1408?
2, 11
List the prime factors of 1068.
2, 3, 89
List the prime factors of 1721.
1721
What are the prime factors of 2271?
3, 757
List the prime factors of 82.
2, 41
List the prime factors of 20636.
2, 7, 11, 67
List the prime factors of 80678.
2, 13, 29, 107
List the prime factors of 6882.
2, 3, 31, 37
What are the prime factors of 596?
2, 149
List the prime factors of 241.
241
List the prime factors of 29009.
29009
What are the prime factors of 1419?
3, 11, 43
List the prime factors of 1682.
2, 29
List the prime factors of 16260.
2, 3, 5, 271
What are the prime factors of 62264?
2, 43, 181
List the prime factors of 2210.
2, 5, 13, 17
What are the prime factors of 2116?
2, 23
List the prime factors of 2140.
2, 5, 107
What are the prime factors of 423?
3, 47
What are the prime factors of 958?
2, 479
What are the prime factors of 8102?
2, 4051
List the prime factors of 7024.
2, 439
List the prime factors of 4339.
4339
What are the prime factors of 1596?
2, 3, 7, 19
List the prime factors of 1207.
17, 71
List the prime factors of 2537.
43, 59
What are the prime factors of 1166?
2, 11, 53
List the prime factors of 715.
5, 11, 13
What are the prime factors of 62341?
31, 2011
What are the prime factors of 4605?
3, 5, 307
List the prime factors of 11121.
3, 11, 337
List the prime factors of 3946.
2, 1973
What are the prime factors of 2744?
2, 7
What are the prime factors of 1365?
3, 5, 7, 13
What are the prime factors of 1139?
17, 67
List the prime factors of 2847.
3, 13, 73
List the prime factors of 7541.
7541
List the prime factors of 2486.
2, 11, 113
What are the prime factors of 7912?
2, 23, 43
List the prime factors of 77516.
2, 19379
List the prime factors of 12583.
12583
List the prime factors of 36763.
97, 379
List the prime factors of 221.
13, 17
What are the prime factors of 3209?
3209
List the prime factors of 6332.
2, 1583
What are the prime factors of 2190?
2, 3, 5, 73
List the prime factors of 4909.
4909
What are the prime factors